22/4 + (-8)/(-16).
2
Suppose -4*o = -6*o - 8. Let r(t) = -t**3 - t**2 + 6*t + 5. What is the remainder when r(o) is divided by 8?
5
Let w be 4/(-18) + 308/9. Let n = w - 18. What is the remainder when n is divided by (10 - (2 + 0)) + -2?
4
Let n be ((-55)/(-15))/(1/3). Suppose -n*o + 16*o = 110. Calculate the remainder when 87 is divided by o.
21
Let o = 34 - 16. What is the remainder when 71 is divided by o?
17
Suppose 2*x + x + 39 = 3*w, 0 = 4*w - 2*x - 46. Calculate the remainder when (-2)/w + (-162)/(-10) is divided by 6.
4
Calculate the remainder when (-1 - (-1 + 1))*-17 is divided by 6.
5
Let t(n) = 39*n. Let x be 3*((-2)/6)/(-1). Calculate the remainder when t(x) is divided by 14.
11
Let k(z) = -9*z + 14. Let r(f) = 3*f - 5. Let x(v) = 3*k(v) + 8*r(v). Calculate the remainder when x(-2) is divided by 3.
2
Let o(a) = a**2 + 3*a + 3. Suppose 3*v - 16 = -2*m, 2*m - 10 = m - 2*v. Let p be m/(-4) + (-13)/2. What is the remainder when o(p) is divided by 11?
9
Let n = 12 + 0. Suppose 5*s + 24 + 80 = -4*r, -84 = 4*s + 4*r. Calculate the remainder when 3 + -5 + 4 - s is divided by n.
10
Suppose 5*g - 237 = 4*l, -2*g - l + 132 = g. Calculate the remainder when g is divided by 23.
22
Let g(h) = 3*h**3 + h**2 + 4*h - 2. Let i be g(3). Let d = 11 + -7. Calculate the remainder when 1/(-7) + i/14 is divided by d.
3
What is the remainder when -1 - (-22 - (-1 + 4)) is divided by 1*(6*2 + 1)?
11
Let n(x) = -4*x - 4. Let c be n(-5). Let j = 57 - c. What is the remainder when j is divided by 14?
13
Let b = 32 - 27. What is the remainder when 8 is divided by b?
3
Let v(r) = -r**2 - 6*r + 5. Let s be v(-5). Suppose -d + 2*d - s = 0. What is the remainder when 0 + -1*29*-1 is divided by d?
9
Let c(k) be the first derivative of k**4/4 + 8*k**3/3 - 3*k**2/2 - 7*k + 1. Let h be c(-7). Let j = -38 + h. Calculate the remainder when j is divided by 9.
7
Suppose 4*i - 2*p - 38 = 0, -5*p = i - 0*i + 7. Calculate the remainder when 15 is divided by i.
7
Suppose 3*x = 3*m + 45, -5*x + 2*m = 7*m - 35. Let c be 32/3*12/8. Suppose v - c = 4*a, 0*v + 2*a = -v - 2. What is the remainder when x is divided by v?
3
Let q = 13 + -7. Calculate the remainder when 10 is divided by q.
4
Let x = 10 - 6. Suppose 0 = -b + 3*b. Suppose b = 3*w + 2*w - 10. What is the remainder when x is divided by w?
0
Let b(h) = -h**3 + 8*h**2 + 10*h + 6. Let o be b(9). Let p = o + -8. Calculate the remainder when 27 is divided by p.
6
Let k = -16 - -57. What is the remainder when k is divided by 11?
8
Let j = 11 + 34. Calculate the remainder when 88 is divided by j.
43
Suppose 0*z = 4*z - 4*u - 16, -4*u = -2*z + 10. Suppose 0 = -z*q + 5 + 1. Calculate the remainder when 6 is divided by q.
0
Let s = 0 - -1. Let j be s*(8 + -2) + 3. Suppose 2*b - j = 79. Calculate the remainder when b is divided by 23.
21
Let s be (14/(-3))/((-4)/12). Suppose -4*z + s + 6 = 0. Suppose -l + 2*l + g = 9, -z*g + 35 = 3*l. What is the remainder when l is divided by 3?
2
Let u(b) = b**3 + 9*b**2 - 8*b - 17. Calculate the remainder when u(-9) is divided by 29.
26
What is the remainder when (3 - -1)*(1 + 6) is divided by 24?
4
Let d = 69 - 38. What is the remainder when 89 is divided by d?
27
Suppose -5*j + 4*j = -12. Calculate the remainder when 58 is divided by j.
10
Suppose c - 5 + 3 = 0. Suppose -2*m + 26 + c = 0. What is the remainder when 26 is divided by m?
12
Let w = 77 - 43. Suppose -3*s + 1 = -35. What is the remainder when w is divided by s?
10
Let i be 4 - (-1 - -1)/2. Suppose i*q = -0*q - 4*z + 32, 0 = -2*z. Calculate the remainder when q is divided by 3.
2
Suppose -27 = -4*x - 83. Calculate the remainder when 14/(-49) + (-116)/x is divided by 2.
0
Suppose -96 - 8 = -8*r. What is the remainder when 17 is divided by r?
4
Suppose 31 = -4*x + 175. Suppose -h - 21 = -0*h. Let n = x + h. What is the remainder when n is divided by 8?
7
Suppose -7*b = -42 - 14. What is the remainder when 21 is divided by b?
5
Let m be (-1)/(-2) + 204/(-24). Calculate the remainder when 45 is divided by -1 + 12 - (-9 - m).
9
Let h(o) = o**3 - 3*o**2 - 2*o - 1. Let q be h(5). Let z = q + -26. What is the remainder when 37 is divided by z?
11
Let d be 3/(-6 - -3) - -53. Suppose l + d = 4*l - 2*u, -4*l + 68 = -3*u. Calculate the remainder when l is divided by 7.
6
Let t(y) = -3*y + 26. What is the remainder when 8 is divided by t(7)?
3
Suppose 2*g - 3 = g. Suppose y - a = 5*y - 53, -10 = -y + g*a. Calculate the remainder when ((-6)/(-4))/((-1)/(-16)) is divided by y.
11
Suppose 4*a = 3*v - 29 - 4, -2*a + 3*v - 9 = 0. What is the remainder when 28 is divided by 18/a*(-48)/9?
4
Let h = -7 + 56. What is the remainder when h is divided by 17?
15
Let s(h) = h**2 + h**2 + 6*h - h**2. Let z be s(-6). Suppose l - 2*b = 18, z = 5*l + 3*b - 2*b - 46. Calculate the remainder when 19 is divided by l.
9
Let z(m) = m + 1. Let v be z(-1). Let f(d) = d + 9. Let w = 38 + -13. Calculate the remainder when w is divided by f(v).
7
Suppose 2*d + 6 + 13 = a, 0 = -2*a - 2*d + 50. What is the remainder when 68 is divided by a?
22
Suppose -2*z + 3*z - 2 = 0. What is the remainder when 5 is divided by z?
1
Let f = -32 - -45. Suppose 0 = -4*y + y - 2*n + 6, -3*n + 10 = 5*y. Suppose -3*m - 2 = -0*o - o, y*o - 3*m = 10. What is the remainder when f is divided by o?
5
Let p(d) = -2*d - 16. Let u be p(-12). Suppose v - u = 43. Calculate the remainder when v is divided by 18.
15
Suppose 0*u = 5*u - 60. What is the remainder when 24/(-14)*(-126)/u is divided by 7?
4
Suppose -t = 64 - 235. Suppose p = -2*p - 2*f + t, -52 = -p + f. Suppose 0 = -5*s + 2*j + 77, 2*s + j - p = -s. What is the remainder when 33 is divided by s?
16
Let f = 18 - 9. Let p = 28 + f. Let c = 25 + -12. Calculate the remainder when p is divided by c.
11
Let p(f) = 9*f**2 - 3*f + 2. What is the remainder when p(2) is divided by ((-2)/(-2))/(3/51)?
15
Let c(m) = m**3 + 4*m**2 + 2*m - 1. Suppose -1 - 5 = -i + l, -3*i - 5*l = 14. Suppose 0 = -i*s - 3 - 1. Calculate the remainder when 7 is divided by c(s).
1
Suppose 1 - 7 = -2*c, 2*n = -3*c + 29. Let f = 220 + -182. What is the remainder when f is divided by n?
8
Let g(r) = -54*r**2. Let x be g(-1). Let t = -28 - x. What is the remainder when t is divided by 9 + (-1 - -1)/2?
8
Suppose -4*u = -22 + 6. Suppose s - 2 + 3 = -u*y, -3*y - 18 = -5*s. What is the remainder when 7 is divided by s?
1
Let v(n) = n**2 - 4*n - 16. What is the remainder when 16 is divided by v(7)?
1
Let g = -160 - -162. What is the remainder when 6 is divided by g?
0
Let d be ((-6)/(-4))/((-3)/4). Suppose -88 = 4*t - 12*t. Calculate the remainder when t is divided by 1 - (d + 2) - -2.
2
Suppose 0 = b + 2*b - 9. Let j(i) = 2*i + 5. Let h(p) = -3*p - 5. Let o(a) = b*h(a) + 4*j(a). Calculate the remainder when o(-8) is divided by 5.
3
Let w(c) = -3*c + 63. Calculate the remainder when w(0) is divided by 11.
8
Let o(f) = -5*f + 1. Let t be o(2). What is the remainder when 26 is divided by (-66)/t - (-5)/(-15)?
5
Suppose 0 = -5*o + 21 + 4. Calculate the remainder when 210/12 + 12/8 + -2 is divided by o.
2
Suppose 2*l + 93 + 68 = 5*k, 3*k = 2*l + 95. Suppose -5*x + k = 3. Suppose 3*r = r + x. Calculate the remainder when 4 is divided by r.
1
Suppose 6*n = -0*n + 642. Calculate the remainder when n is divided by 22.
19
What is the remainder when 4/(-10)*(13 - 43) is divided by (-2)/(-4)*(0 + 14)?
5
Suppose p + 5*q - 26 = 1, -5*p + 15 = q. What is the remainder when 10 is divided by p?
0
Let m(d) = d**3 - 2*d**2 - 5*d - 2. Calculate the remainder when m(4) is divided by 36/(-20)*(-10)/3.
4
Let w = -22 - -34. Suppose 0 = t - 2, 0*t + t = -5*d + w. Let h = -2 + 4. Calculate the remainder when h is divided by d.
0
Suppose 2*v + 2*v = n + 19, n + 23 = 5*v. Suppose 8*u = 9*u - v. Suppose 7 = -3*l + 5*r, 0*l - 3*l - r = -23. Calculate the remainder when l is divided by u.
2
Let f = 163 - 101. What is the remainder when f is divided by (-7)/(140/(-64))*(11 - 1)?
30
Suppose 3*g = -2*g. Suppose g*s - 2*s + 20 = 0. Let h = 9 + -5. Calculate the remainder when s is divided by h.
2
Suppose -3*w - w + 120 = 0. What is the remainder when 53 is divided by w?
23
Suppose 4*q - 7*s - 20 = -3*s, 2*q - 3*s = 14. Calculate the remainder when 1 is divided by q.
0
Suppose 282 = 5*d - 6*y + 2*y, 5*y = 2*d - 106. L